 divided by 0*1/1 + 15?
14
Let d = -14 + 8. Calculate the remainder when (264/(-20))/(12/(-30)) is divided by 3*d/(-4)*2.
6
Suppose -5*c + 25 = 4*w, 3*w - 7 = 3*c - 22. Suppose 3*n = -2*i - 0*n + 59, -5*n - 15 = w. Let l = -10 + i. Calculate the remainder when l is divided by 13.
11
Let c(k) = k**2 + 4*k. Let x(o) = 3*o + 19. What is the remainder when x(9) is divided by c(-6)?
10
Suppose r - 14 = -4. Calculate the remainder when 18 is divided by r.
8
Suppose 2*n - 2 = 0, 3*c + 10 = -4*n + 23. Suppose f - y - 61 = -c*f, 4*y = 3*f - 49. Calculate the remainder when 28 is divided by f.
13
Let n(c) = 2*c**2 - 42*c - 4. What is the remainder when 159 is divided by n(22)?
39
Suppose 2*d = -37 + 117. Suppose 0 = 5*k + 5 - 75. What is the remainder when d is divided by k?
12
Suppose 3*l + 2*l = -365. Let d = 80 - 132. Let h = d - l. Calculate the remainder when 41 is divided by h.
20
Let x = 1 - 4. Let n = x + 29. Suppose 165 = 5*b + f - 225, -b + 62 = -3*f. Calculate the remainder when b is divided by n.
25
Suppose -2*v - 28 = -86. Let n = v - 12. Calculate the remainder when ((-147)/6)/(2/(-4)) is divided by n.
15
Suppose 3*j = 7*j - 44. Suppose -r = 3*r + 48. Calculate the remainder when -2*(-21)/r*-6 is divided by j.
10
What is the remainder when 95 is divided by ((-104)/65)/((-1)/15)?
23
Let b(d) = -9*d**3 - 7*d**2 + 7*d + 8. Let a(t) = -t**3 - t**2 + t + 1. Let l(z) = -6*a(z) + b(z). Calculate the remainder when l(-2) is divided by 11.
9
Let w(g) = g**3 + 5*g**2 - 4*g - 1. Suppose 3*r - 16 = r. Calculate the remainder when w(-3) is divided by r.
5
Let k(f) = -7*f - 4. Let d be k(-4). Let l = d + -12. Suppose p - 11 = l. What is the remainder when p is divided by 12?
11
Suppose 0 = -3*u + 12, 2*z + 2*u = 5*u + 40. Let n = 67 - z. Calculate the remainder when n is divided by 14.
13
Let r = -112 - -198. Let g = r + -54. Calculate the remainder when g is divided by 11.
10
Suppose -62 = -3*x - 5*j, 0 = -2*x - 0*x + 4*j + 12. Suppose 0*g - 2*u - 60 = -2*g, 5*g = -2*u + 115. What is the remainder when g is divided by x?
11
Let g = -17 + 25. What is the remainder when (46/6)/(9/27) is divided by g?
7
Calculate the remainder when 4152/42 + 1/7 is divided by 27.
18
Suppose 0 = -s - 4*s + m + 49, -s + 21 = -3*m. Let u = 11 + 5. What is the remainder when u is divided by s?
7
Suppose 3*z - 167 = -2. Calculate the remainder when z is divided by 8.
7
Suppose -3 = -g - 1. Calculate the remainder when 33 is divided by g/(((-6)/2)/(-18)).
9
What is the remainder when 9 is divided by ((-22)/77)/((-2)/28)?
1
Let y = 2 - 2. Suppose y = -2*x - x - 9. Let b = x + 13. Calculate the remainder when b is divided by 4.
2
Suppose -2*a = -0*a - 4. Let d(i) = 3*i**2 + 1 + 2*i**3 - 1 - 6*i**2. Calculate the remainder when d(a) is divided by 2.
0
Let a(n) = -10*n - 1. What is the remainder when a(-3) is divided by 12?
5
Suppose i + i = 0. Suppose -c - 4*c + 3*a + 50 = i, 5*c - 70 = -a. Suppose 3 + 145 = 4*f. What is the remainder when f is divided by c?
11
Let b = 34 - 16. Suppose -b = -r - r. What is the remainder when r is divided by 4?
1
Let z = -10 - -4. Let w be (33/z - -1)*-2. Let r = w - 5. What is the remainder when r is divided by 3?
1
Let k(n) = -n**2 - 9*n + 3. What is the remainder when 48 is divided by k(-7)?
14
Let p(u) = -4*u - 4. Calculate the remainder when 13 is divided by p(-3).
5
What is the remainder when 17 is divided by (-11*3/6)/(2/(-4))?
6
Suppose 0*y + 24 = 3*y. Suppose j - 23 = -y. Suppose -j + 39 = 4*i. What is the remainder when 11 is divided by i?
5
Let m be (-39)/(-9) - (-2)/(-6). Let x = -5 - -13. What is the remainder when m/(-6) - 94/(-6) is divided by x?
7
Let u(q) = 2*q**2 + 13*q + 15. Let g be u(-10). Suppose g = 3*s - 2*v, -21 - 87 = -4*s + 4*v. Let w = -13 + s. Calculate the remainder when w is divided by 10.
8
Let g(w) = -w**3 + 2*w + 86. Suppose 0 = j - 11 - 11. Calculate the remainder when g(0) is divided by j.
20
Suppose -106 - 144 = -5*d. Calculate the remainder when d is divided by 17.
16
Suppose 2 = 2*a - 4. What is the remainder when 4/20 - 48/(-10) is divided by a?
2
Let z = 14 - -18. Calculate the remainder when z is divided by 7.
4
Suppose -3*l + 27 = -2*n, -2*n - 23 = -3*l + 4*l. Let z = n + 21. What is the remainder when 26 is divided by z?
8
Let g = 12 + -2. Suppose 6*a - 10*a - 92 = 0. Let x = 29 + a. What is the remainder when g is divided by x?
4
Suppose -5*a + 24 = a. Calculate the remainder when a is divided by 3.
1
Let i = 11 - 2. What is the remainder when 17 is divided by i?
8
Let s be 2/(-4) - 10/(-4). Suppose s*q + 6 = 28. Calculate the remainder when (-121)/(-3) + 12/18 is divided by q.
8
Let n(v) = 2*v + 15. Calculate the remainder when 5 is divided by n(-7).
0
Let f = -21 + 88. Calculate the remainder when f is divided by 24.
19
Suppose -2*h = -96 - 112. Calculate the remainder when h is divided by 21.
20
Let d be 5/2*16/5. Calculate the remainder when 14 is divided by 2/(-8) + 34/d.
2
Suppose 113 = 5*h - 4*b - 101, -4*b = 2*h - 80. Suppose -3*p + 4*p = -3*d + 15, 0 = -4*d + 5*p + 39. What is the remainder when h is divided by -22*((-15)/d)/5?
9
Let g(l) = -l**2 - l + 2. Let z(b) be the first derivative of -b**2/2 + 5. Let w(f) = -g(f) + 6*z(f). Calculate the remainder when 11 is divided by w(6).
3
Let y be 41/(-3 + -4 + 8). Let w = 29 + y. Calculate the remainder when w is divided by 12.
10
Let u = 32 - 14. What is the remainder when u is divided by 5?
3
Let t(l) = -l**3 - 7*l**2 - 6*l + 4. Let n be t(-6). Let u(h) = -h**3 + 5*h**2 - h - 3. Calculate the remainder when 17 is divided by u(n).
8
Let v = -8 - -17. Suppose -3*b + 13 = -5. Calculate the remainder when v is divided by b.
3
Let f(y) = y**3 - 11*y**2 + y + 7. Let c = 7 + 0. What is the remainder when f(11) is divided by c?
4
Let m = 13 - 7. What is the remainder when 13 is divided by m/21 + 66/14?
3
Suppose 0 = 5*s - 2*i - i - 335, -3*i + 49 = s. Calculate the remainder when s is divided by 23.
18
Suppose 0 = 3*d - 7*d + 16. Suppose -15 = 3*k - 120. Suppose -2*p + d*o - 7 = -3*p, 5*o = -5*p + k. Calculate the remainder when 26 is divided by p.
5
Let j = -71 - -115. Calculate the remainder when j is divided by (2*-7 - 1)*-1.
14
Suppose 5*j + 3*d = 87, -j + 0 = -5*d + 5. Let r = 112 - 0. Suppose -t = -3*k - k + r, 3*k - 2*t = 84. What is the remainder when k is divided by j?
13
Calculate the remainder when 155/(-15)*3*-4 is divided by 33.
25
Let p be ((-6)/(-4))/((-2)/(-4)). Suppose 0 = -p*d + 32 + 40. Suppose o = 4*o - d. Calculate the remainder when o is divided by 5.
3
Suppose -w + 6 = 1. Suppose 28 = l + 5*z + w, 3*l - 2*z = 86. Calculate the remainder when l is divided by 10.
8
Let w = 0 + 5. Calculate the remainder when 69 is divided by 4*w + (-1 - 1).
15
Let d = 85 - 55. Calculate the remainder when 88 is divided by d.
28
Let u(p) = -4*p + 6. Calculate the remainder when u(-8) is divided by 9.
2
Let d(s) = -2*s - 5. Let b be d(-5). Suppose b*n - n - 56 = 0. Calculate the remainder when 160/(-6)*3/(-2) is divided by n.
12
Suppose f - 2 = -0*f. Calculate the remainder when 43 is divided by 1 + 0 + 28/f.
13
Let b(j) = -2*j + 13. Let p(u) = -u**3 - 7*u**2 - 6*u + 2. Let m be p(-6). Suppose m*a - 43 = 37. What is the remainder when a is divided by b(-4)?
19
Let a = 4 + -8. What is the remainder when 40 is divided by 19 + ((-4)/a - -1)?
19
What is the remainder when 22 is divided by 80/(-30)*18/(-4)?
10
Suppose -6*i = -3*i + 5*y - 27, -2*i = -2*y - 2. Let l = 40 + -27. What is the remainder when l is divided by i?
1
Suppose -5*k = -3*t - 90, 0*k + 4*t - 18 = -k. Suppose k = -7*s + 8*s. Let y(q) = 35*q**2 + q - 1. What is the remainder when y(1) is divided by s?
17
Suppose -2*i = -4*p + 3*i, 0 = -4*i + 16. Let a(k) = -k**3 + 4*k**2 + 7*k. What is the remainder when a(p) is divided by 4?
2
Suppose 5*m - 4 = 46. Let w(u) = u**3 - 6*u**2 - u - 6. What is the remainder when w(7) is divided by m?
6
Suppose 0 = k - 3*t - 15, 3*k + 3*t - 19 = 38. What is the remainder when 69 is divided by k?
15
Let o(y) = y - 2. Let x be o(-2). Let h(t) = -4*t - 2. What is the remainder when (2 + 0)/(-2)*-53 is divided by h(x)?
11
Suppose 5*f + 0*p = -p, f = 4*p. Let s = f - -4. Calculate the remainder when 6 is divided by s.
2
Suppose 4 - 28 = -3*f. Suppose 3*y - 16 = -